f s?
2, 7
Let p(j) = j**2 + 6*j. Let v be p(-6). Suppose v*n - 3*n = -6. Suppose 5 = -m, -m = n*d + 3*d - 200. What are the prime factors of d?
41
Suppose -z - 49 = -5*z + 5*f, -3*z = -3*f - 36. Suppose -4*x - 4*t = -168, 4 = -z*t + 9*t. What are the prime factors of x?
2, 11
List the prime factors of 4 + ((-8)/2 - -358).
2, 179
Suppose -35*l = -72*l + 32338. What are the prime factors of l?
2, 19, 23
Let a(y) = y**2 + 4. Let p be a(0). Suppose 0*h + 5*x + 90 = 5*h, -p*h = -2*x - 78. What are the prime factors of h?
3, 7
Suppose 15*o - 4535 - 9610 = 0. What are the prime factors of o?
23, 41
Suppose -1387 = 5*h - 6527. What are the prime factors of h/8*(8/4 + 0)?
257
Suppose -7808 = -16*p - 16*p. What are the prime factors of p?
2, 61
Let w = -489 - -416. Suppose -j - 140 = 2*x + 2*x, -j = 0. Let v = x - w. What are the prime factors of v?
2, 19
Let g(b) = 6*b**3 + 5*b**2 - 7*b - 21. Let w(j) = -9*j**3 - 8*j**2 + 11*j + 31. Let o(l) = 7*g(l) + 5*w(l). List the prime factors of o(-4).
2, 3
List the prime factors of (-6 - -670)*8/32.
2, 83
Suppose -4*n + 2571 = -5*f, 0 = -2*n + f + 1177 + 116. List the prime factors of n.
11, 59
Suppose -8*r + 15 = -5*r. List the prime factors of (2466/(-5))/(-3) + (-2)/r.
2, 41
Suppose -29 + 470 = 7*g. List the prime factors of g.
3, 7
Suppose 2181 = 5*x - 739. List the prime factors of x.
2, 73
Let m(o) be the third derivative of o**6/60 - o**4/8 + 2*o**3/3 + 11*o**2. List the prime factors of m(3).
7
Let k(m) = -6*m + 3*m - 2*m**2 + 3*m**3 + 3*m + 1. Suppose -2 = 5*g - 12. What are the prime factors of k(g)?
17
Let z = -130 + 35. Let c = -69 - z. List the prime factors of c.
2, 13
Let k be -4 + (-5 - -2) + 8. List the prime factors of k/((-5)/(-45))*1.
3
Let t = -247 + 351. Suppose 0*v = v + t. Let n = v - -160. List the prime factors of n.
2, 7
Suppose 0 = -113*h + 64*h + 282044. List the prime factors of h.
2, 1439
Let w(v) = 1. Let i(a) = -a + 9. Let d(y) = i(y) + w(y). Let g(p) = -p**2 + 5*p + 14. Let z be g(6). List the prime factors of d(z).
2
Let l(c) = c**3 - 38*c**2 - 60*c + 204. List the prime factors of l(40).
2, 251
List the prime factors of 11/((-11)/(-4)) + 712.
2, 179
Let y = 1906 - 1003. List the prime factors of y.
3, 7, 43
Let t = -234 + 118. Let a = t - -141. What are the prime factors of a?
5
Let c(q) be the third derivative of -q**5/60 - q**4/2 - q**3/3 - 5*q**2. Let a be c(-9). List the prime factors of (310/a)/(2/5).
31
Let l(x) be the second derivative of x**5/20 - 3*x**4/4 - 4*x**3/3 + 7*x**2 - 6*x. List the prime factors of l(10).
2, 17
Let p(h) = -h**2 - 57*h + 97. What are the prime factors of p(-29)?
3, 101
Suppose -g + f + 13 = 3*g, 4*g + f = 11. List the prime factors of 1152/(-15)*g/(27/(-30)).
2
Suppose 2*s - 233 = 73. List the prime factors of s.
3, 17
Let p = -51 + 53. Let x(v) = 76*v + 3. List the prime factors of x(p).
5, 31
Suppose -4*l - 308 = -2*l. List the prime factors of (2/(-4))/((1 + 0)/l).
7, 11
Let o be -1*(-1 + 2)*-59. Suppose 0 = -5*k + k - d + 236, d = -k + o. List the prime factors of k.
59
Let z be -3 - -2 - (-38 - 1). Suppose -2*b + 4*g = -76, b - 4*g = 2*b - z. What are the prime factors of b?
2, 19
Suppose 0 = -4*b + n + 13, -2*b = -n - 3 - 4. Let j be (76/12)/(b/9). Let z = 40 - j. List the prime factors of z.
3, 7
Let b(n) = 2*n**3 + 7*n**2 - 9*n - 4. Let v be b(8). Suppose t - 5*f = -v, -f - 2812 = 2*t - 6*f. List the prime factors of t/(-60) + 4/10.
2, 3
Suppose 3*c - 2946 + 722 = -f, 2*c + 4*f = 1476. What are the prime factors of c?
2, 7, 53
Suppose 0 = -4*r - 64 + 584. Suppose 0 = 3*h - 8*h - r. Let v = h + 41. List the prime factors of v.
3, 5
Suppose 0 = 2*t - 24 + 6. Suppose -t*x + 222 = 24. List the prime factors of x.
2, 11
Let p = -27 - 39. Let i = 114 + p. Let h = i + -28. List the prime factors of h.
2, 5
Suppose 0 = -b - r + 2333, -3*r + 4529 + 7144 = 5*b. What are the prime factors of b?
3, 19, 41
Let r = 38 - 35. Suppose 500 = r*n + n + 4*u, -476 = -4*n + 2*u. What are the prime factors of n?
11
Let w = -45 - -52. Suppose w*p = 8*p - 100. What are the prime factors of p?
2, 5
Let f = 1208 - 375. What are the prime factors of f?
7, 17
Suppose -5*b + 13 = -3*j, -4*b + 3*b - 11 = -4*j. Suppose -j = q - 28. List the prime factors of q.
2, 3
Suppose -9281 = -3*f - 4*h, -13471 = -5*f - 2*h + 1988. List the prime factors of f.
11, 281
Suppose -f + y + 0 = -2, 4 = -4*f - 2*y. Suppose f = 15*g - 14*g - 90. Suppose 4*w - 2*w - 38 = -5*p, 0 = -4*w - 3*p + g. What are the prime factors of w?
2, 3
Suppose 1632 = -2*t - 2*t. Let p be (-12)/(-8)*t/(-3). What are the prime factors of p/21 + 12/42?
2, 5
Suppose -4*i + 46 = f + 3, 4*f - 127 = -i. Suppose 0 = 4*k - 129 - f. Suppose -y + k = y. What are the prime factors of y?
2, 5
Suppose i - 2 = -0. Let v(c) = c + 7. Let d be v(7). Suppose p - 1 = 2*k + 1, k = -i*p + d. List the prime factors of p.
2, 3
Suppose -n + 6*n - 35 = 0. Suppose 4*g - n*g + 15 = 0. Suppose 0 = -2*c + 4, 5*y + c = g*c + 87. What are the prime factors of y?
19
Let t be 1/(-4) + 49/4. Suppose 10*r = 8*r + t. What are the prime factors of ((-9)/9)/((-2)/r)?
3
Suppose 2*g - 6 = 0, -5*u - 157 - 286 = 4*g. List the prime factors of 0/(-1) + -2 - (u - -3).
2, 43
Let j(h) = -h**3 + 6*h**2 + 1. Let w be j(6). Let d(i) = 21*i - 1. List the prime factors of d(w).
2, 5
Let g(o) = 2*o - 5. Let s be g(5). Suppose f + 106 = y + s*f, 3*f - 192 = -2*y. List the prime factors of y.
2, 3, 5
Let g be (-2)/5*(-125)/(-50). List the prime factors of 3 + (100 + 5 - g).
109
Suppose 4*s - 2997 = -501. Suppose 0 = -9*r + 3*r + s. List the prime factors of r.
2, 13
Let v = -1424 - -1530. List the prime factors of v.
2, 53
Let l(a) = 9*a - 3. Let d be (-8)/6*3/(-2). Suppose 2 = 2*x - d. List the prime factors of l(x).
3, 5
Let s(f) = f**3 - 8*f**2 - f + 8. Let d be s(8). Suppose 0 = 3*l - 122 + 20. Suppose d = 3*c - l - 56. List the prime factors of c.
2, 3, 5
Let o be 3/(6/4) + 6/2. Suppose -2*x = 5*n - 520, -o*x = -5*n + n - 1333. What are the prime factors of x?
5, 53
Let s(n) = 7*n**2 + 13*n - 18. Let x(b) = -4*b**2 - 7*b + 9. Let c(l) = 3*s(l) + 5*x(l). What are the prime factors of c(-12)?
3, 29
Let u(v) = -5*v - 8. Let p be u(-4). List the prime factors of p*((-228)/(-24) - (-2)/(-4)).
2, 3
Let r(n) = 5*n + 2. Let i be r(-2). Let m be 6/(-24) - 26/i. List the prime factors of (m/6)/(3/174).
29
Let l = 11 - 9. Suppose -3 = l*x - 107. What are the prime factors of x?
2, 13
Suppose -3*q = -11 + 5. Let u(b) = 36*b + 4. Let j be u(q). List the prime factors of 45/30*j/6.
19
Suppose 3*q + 18 = 4*q. Suppose 2*f + q = 3*d, 4*f = -4*d + f + 7. What are the prime factors of 6/4*d/3?
2
Let x(v) = v**3 - 15*v**2 - v + 16. Let c be x(15). Let r = c + 114. Suppose -3*f - 2*w + r = 2*f, -3*f = -4*w - 69. List the prime factors of f.
23
Suppose -4*i + 10 = -2. Suppose i*x - 5*x + 198 = 0. Let p = -21 + x. What are the prime factors of p?
2, 3, 13
Let w(n) = 5*n**3 - 7*n**2 + 7*n + 8. List the prime factors of w(5).
17, 29
Let y = 4861 + -3109. List the prime factors of y.
2, 3, 73
Let j(x) = -24*x + 106. List the prime factors of j(-6).
2, 5
Let b(d) = -9*d + 250. List the prime factors of b(-7).
313
Let i(h) = 16*h - 11 - 28*h - 29 - 18*h. List the prime factors of i(-3).
2, 5
Suppose -2*p - a = 12, -5*p + p - 3*a = 26. List the prime factors of 213 + 15/(-10 - p).
2, 3, 5, 7
Suppose 2176 = 5*d + 3*b, 3*d - 3*b = -0*b + 1320. What are the prime factors of d?
19, 23
Let z(l) = l**2 - 10*l + 46. Let n be (1/4)/(-5 + (-762)/(-152)). List the prime factors of z(n).
7, 31
Let q be (-36)/90 + (-686)/10. Let i = q + 82. What are the prime factors of i?
13
Let r be 2 - (5 - 4) - (0 + -3). Suppose 2*s - 134 = -r*z, 3*z - 57 = 5*s - 379. What are the prime factors of s?
5, 13
What are the prime factors of (2/(-2))/(((-12)/(-4))/(-894))?
2, 149
Let b(f) = -f - 1. Let j be b(-7). Suppose -4*z - 34 = -j*z - p, 3*p - 86 = -5*z. What are the prime factors of z?
2
Let k = 229 + -113. Suppose -145 = -9*s + k. What are the prime factors of s?
29
List the prime factors of ((-120)/(-75))/(10/11675).
2, 467
Suppose -2*q + 3*t = -3*q + 36, 5*q - t = 196. Suppose 6*u = -q + 225. What are the prime factors of u?
31
Suppose -1 = -2*i + 5. Suppose -4*t + 7*t - c = 15, -i*t + 21 = c. What